 3*o = -57. What is the highest common divisor of 60 and b?
12
Let u(l) = 5*l - 14. Let v be 1 + 10 + (-3)/3. Let g be u(v). Calculate the highest common divisor of g and 18.
18
Let u = -2 - -6. Suppose 3*o + 2*p = -3, -2*o - 4*p + 5 + 1 = 0. Let b be (3/o)/(-1) - -15. Calculate the highest common factor of b and u.
4
Let p be (224/(-20))/((-4)/50). Calculate the highest common divisor of p and 56.
28
Let f be (-9)/4*(-32)/4. What is the greatest common divisor of f and 9?
9
Let k(d) = -d**3 - 5*d**2 + 10*d - 2. Let p be k(-7). What is the greatest common factor of p and 208?
26
Suppose 11*m - 27 = 2*m. Let z = -15 - -36. What is the greatest common factor of z and m?
3
Let t be 13 - 7 - (-4 + 0). Calculate the greatest common factor of t and 10.
10
Let s = 17 - 7. Let j be (26 - 1)*(-4)/s. Let l = 8 - j. What is the greatest common divisor of l and 2?
2
Let d(a) = 18*a**2 - a + 1. Suppose 0*m - 15 = -5*m, -m + 6 = 3*v. Let f be d(v). What is the highest common factor of 12 and f?
6
Suppose -5*b - 5*g = -4*g - 491, -4*b + 4*g + 388 = 0. What is the greatest common factor of 14 and b?
14
Suppose 5*g = f + 51 + 560, 3*f = -4*g + 504. Suppose 5*h = -3*i + g, -2*h - 5*i - 16 + 50 = 0. Calculate the greatest common divisor of h and 18.
9
Suppose -3*l = -3*z + 42, 0*l = -3*l - 12. Let g be -1 - 1 - (-40 + -2). Calculate the greatest common factor of z and g.
10
Suppose 0 = 2*g - g - 46. Suppose 115 = x + 4*x. Calculate the greatest common divisor of g and x.
23
Let c be 33 + (-2)/4*-4. Suppose -5*q = -5*d - c, -q + 2*d + 27 = 5*d. Suppose 3*l - 15 = 165. Calculate the greatest common divisor of q and l.
12
Let v = 9 + -2. Calculate the greatest common divisor of 7 and v.
7
Suppose 6*d = 2*d + 240. Suppose 27 = z + 4*l, -3*z - 6*l + d = -l. Let q = -9 + z. What is the highest common factor of 9 and q?
3
Let b be (-3 - 14/(-4))/(2/264). Calculate the highest common factor of 165 and b.
33
Let t(f) = 12*f**2 - 2*f - 1. Let a be t(-1). Let o be -1*3 - (-12 - -16). Let l = a + o. What is the highest common divisor of 24 and l?
6
Suppose 0 = 2*t + 5 - 1. Let y be -1 - t - 2 - -81. Calculate the highest common divisor of 10 and y.
10
Let r be 416 + ((-42)/(-24) - (-2)/8). What is the highest common factor of 38 and r?
38
Suppose -36 = -5*d + f, -f - 2*f - 3 = 0. Let g be d/(21/204) + 2. What is the highest common factor of 10 and g?
10
Let z be ((-7)/((-14)/(-12)))/(-2). Suppose p + z*p = 16. Suppose -2*c + 45 = -43. Calculate the highest common factor of c and p.
4
Let g = -11 - -25. Suppose 60 = 3*o - 102. Suppose 2 = s, 4*m + s = 2*s + o. Calculate the greatest common factor of m and g.
14
Let h be -1 + 3 + 0 + 0. Suppose -5*b + 64 = 3*b. Calculate the greatest common divisor of b and h.
2
Let c(x) = 3*x**3 + x**2 - 4. Let y be c(7). Let h be y/27 + 2/9. What is the highest common divisor of 8 and h?
8
Let o = -86 - -107. What is the greatest common factor of o and 14?
7
Suppose -4*j + 9*j = 210. What is the highest common divisor of 63 and j?
21
Suppose 8*z - 306 = 798. Let k(f) = f**3 - 4*f**2 + f - 7. Let l be k(5). What is the highest common divisor of z and l?
23
Let i be (-75)/30 - (-3)/(-2). Let h be (i + (-11)/(-2))*26. Calculate the greatest common divisor of h and 26.
13
Let j(f) = -f**2 - 3*f + 2. Let g be j(-4). Let i be -4*(g + 3 + -8). Suppose -2*p - i = -84. Calculate the greatest common factor of p and 7.
7
Let n(h) = -h**3 - 2*h**2 + 3*h + 3. Let j be n(-3). What is the greatest common factor of 27 and j?
3
Let r be (-4)/(-2) + (-1 - 2). Let i be ((-4)/2 - 1)/r. Suppose -12 - 45 = -i*c. What is the highest common divisor of 133 and c?
19
Let o be -2 + -2 + 5 + -1. Let g = 1 + o. Let h be -3 - (27/(-3) + 3). Calculate the highest common divisor of h and g.
1
Let d = 172 - 107. Let s be -34 + (-1 - (-4 - -2)). Let r = s - -46. Calculate the highest common divisor of d and r.
13
Let k be 70/4*240/70. Calculate the highest common divisor of k and 12.
12
Let k be (-1 + -1 - 4)/(-2). Let f be k/(9/55)*3. Suppose -v + 6 = -5. Calculate the highest common factor of f and v.
11
Let l = 1 + 6. Let f(s) = s**2 - 7*s + 1. Let b be f(l). Calculate the greatest common divisor of b and 2.
1
Let r be 17584/88 - (-4)/22. Suppose z + r = 5*z. Let w = -24 + z. Calculate the greatest common factor of w and 39.
13
Suppose 3*d + 5*l = d + 36, 9 = d - 2*l. Suppose g = -0*v + 5*v + 59, -g = v + d. Let t = -6 - v. Calculate the greatest common divisor of t and 42.
6
Let r = 12 - 12. Suppose -2*d + 5 + 13 = r. Calculate the highest common factor of d and 36.
9
Let x = -31 + -25. Let j = 280 + x. Let y = -119 + j. Calculate the highest common factor of 15 and y.
15
Let n = -10 - -15. Suppose 2*z - 17 = -p, -3*p = -0*p - n*z - 106. Calculate the highest common factor of 216 and p.
27
Suppose 6 = 3*w - 0. Suppose 0*p = -4*p + 16. Suppose -i + p = -4. Calculate the highest common factor of i and w.
2
Let l(h) = 7 + h**3 + 2*h**3 - 4*h**3 - 8*h**2 - h. Let p be l(-8). Let b be (-3 - -3 - -108) + -3. Calculate the highest common divisor of b and p.
15
Let x = -978 - -1506. What is the highest common divisor of 48 and x?
48
Let t(m) = m**2 + 3*m + 3. Let i be t(-3). Suppose -24 = -5*x + i*x. What is the greatest common divisor of 12 and x?
12
Let q(y) = -y**3 + 3*y**2 + 3*y + 3. Let v be 3 - 1*(-3 + 3). Let r be q(v). Calculate the greatest common divisor of r and 108.
12
Let f = 25 + -3. What is the highest common divisor of 55 and f?
11
Let l = 800 - 503. Calculate the greatest common divisor of l and 27.
27
Let m be 24 + 4 + 1 + -3. Let u be ((1 - 12) + -2)/(-1). Calculate the greatest common divisor of m and u.
13
Suppose -x - 496 = -3*n - 2*n, 5*n - 5*x - 500 = 0. What is the highest common divisor of 22 and n?
11
Let l = 47 + 44. What is the greatest common divisor of 7 and l?
7
Suppose 0 = -4*n - 5*n + 63. Calculate the highest common divisor of n and 7.
7
Let h be 0 + 0 - (-18)/3. Let b = 54 - 119. Let i be (b + -1)/((-1)/1). What is the greatest common divisor of h and i?
6
Let o(h) = -h**3 - h**2 + h. Let y be o(-2). Suppose -k - y*k + 18 = 0. Let v be 213/12 + 4/16. Calculate the highest common divisor of k and v.
6
Suppose 5*p - 203 - 247 = 0. Suppose 8*j - 210 = 78. What is the greatest common divisor of p and j?
18
Suppose -3 = x, -7*x = -2*o - 2*x + 63. Suppose -5*n + 3*t = -2*n - o, -2 = t. Calculate the highest common factor of 54 and n.
6
Let q = 103 + -58. Let m(y) = y**3 + 3*y**2 - 4*y + 5. Suppose 5*b + 20 = 5*f, 5*b - 2*f + 7 = -13. Let u be m(b). What is the highest common factor of u and q?
5
Suppose -i - 163 - 2 = 0. Let w be i/6*(-4)/5. Suppose -2*b + 115 = -g, -12 = -2*b + 2*g + 108. Calculate the greatest common divisor of w and b.
11
Let q be (-3)/(-3) + (-48)/(-2). Calculate the greatest common factor of 25 and q.
25
Let u = 0 + 0. Suppose -6*v + 2*v + 540 = u. Calculate the highest common factor of 15 and v.
15
Suppose 9 + 31 = g. Let d be (16/(-10))/(4/(-10)). Suppose d*q - q - 17 = -2*t, 0 = -5*t - 3*q + 47. Calculate the greatest common divisor of g and t.
10
Suppose 5*s - 7*s = -400. What is the greatest common factor of 25 and s?
25
Suppose y - 6 = 181. Suppose 5*l - 4*l - y = 0. Let o(z) = 2*z**3 + z**2 - 3*z + 3. Let m be o(2). Calculate the greatest common factor of l and m.
17
Suppose v - 13 = 11. Suppose -1 - 9 = -5*n, 4*f - 440 = -4*n. Suppose 6*b - 3*b = f. Calculate the highest common divisor of v and b.
12
Suppose 5*a - 164 = 106. What is the greatest common factor of 6 and a?
6
Suppose 2*y - 2*k = 320, -148 = -4*y + 3*y - 2*k. Calculate the greatest common divisor of 12 and y.
12
Suppose -3*g - 6 = 5*q + 10, 0 = -2*g - 2*q - 8. Let b(a) = 41*a**2 + 3*a + 2. Let w be b(g). What is the greatest common factor of w and 20?
20
Let s(g) be the first derivative of -8*g**2 - 4*g + 1. Let a be s(-7). Let z be (a/(-15))/((-2)/45). What is the highest common factor of 18 and z?
18
Suppose -6 = j - 14. Let i = j + 44. What is the greatest common divisor of i and 13?
13
Suppose -5*b + 0*p + 5*p + 35 = 0, -2 = 4*b + 2*p. Suppose -2*t + 14 = b. Let w be (-6)/(-18)*t/2. Calculate the highest common divisor of 5 and w.
1
Let b be -12*16/12*-1. What is the highest common factor of b and 2?
2
Suppose 0*o = 2*o - 66. Let x = -16 + o. What